tors of 70269?
3, 59, 397
What are the prime factors of 5198?
2, 23, 113
What are the prime factors of 2753?
2753
List the prime factors of 63.
3, 7
List the prime factors of 20294.
2, 73, 139
What are the prime factors of 37?
37
List the prime factors of 1266.
2, 3, 211
What are the prime factors of 9633?
3, 13, 19
List the prime factors of 4198.
2, 2099
List the prime factors of 2513.
7, 359
What are the prime factors of 3593?
3593
What are the prime factors of 2490?
2, 3, 5, 83
What are the prime factors of 10524?
2, 3, 877
What are the prime factors of 124?
2, 31
What are the prime factors of 3725?
5, 149
What are the prime factors of 116123?
7, 53, 313
List the prime factors of 33152.
2, 7, 37
List the prime factors of 1899.
3, 211
What are the prime factors of 33274?
2, 127, 131
List the prime factors of 7245.
3, 5, 7, 23
What are the prime factors of 2627?
37, 71
What are the prime factors of 40711?
11, 3701
List the prime factors of 414.
2, 3, 23
What are the prime factors of 72847?
97, 751
What are the prime factors of 2450?
2, 5, 7
What are the prime factors of 108?
2, 3
What are the prime factors of 18179?
7, 53
List the prime factors of 112516.
2, 23, 1223
What are the prime factors of 116366?
2, 83, 701
List the prime factors of 6752.
2, 211
List the prime factors of 2982.
2, 3, 7, 71
List the prime factors of 3765.
3, 5, 251
What are the prime factors of 1091?
1091
What are the prime factors of 7531?
17, 443
What are the prime factors of 431?
431
List the prime factors of 210.
2, 3, 5, 7
List the prime factors of 50098.
2, 37, 677
List the prime factors of 17594.
2, 19, 463
List the prime factors of 74056.
2, 9257
What are the prime factors of 568?
2, 71
What are the prime factors of 2652?
2, 3, 13, 17
List the prime factors of 2404.
2, 601
List the prime factors of 19684.
2, 7, 19, 37
List the prime factors of 7221.
3, 29, 83
List the prime factors of 4229.
4229
What are the prime factors of 17738?
2, 7, 181
What are the prime factors of 118?
2, 59
What are the prime factors of 2143?
2143
What are the prime factors of 11081?
7, 1583
What are the prime factors of 3744?
2, 3, 13
List the prime factors of 12860.
2, 5, 643
List the prime factors of 22936.
2, 47, 61
List the prime factors of 17867.
17, 1051
List the prime factors of 35557.
31, 37
What are the prime factors of 3061?
3061
What are the prime factors of 507?
3, 13
What are the prime factors of 2465?
5, 17, 29
List the prime factors of 13184.
2, 103
List the prime factors of 1139.
17, 67
List the prime factors of 1779.
3, 593
What are the prime factors of 1418?
2, 709
List the prime factors of 1731.
3, 577
What are the prime factors of 881?
881
List the prime factors of 18883.
23, 821
What are the prime factors of 35786?
2, 29, 617
What are the prime factors of 1427?
1427
What are the prime factors of 638?
2, 11, 29
What are the prime factors of 51934?
2, 23, 1129
List the prime factors of 1788.
2, 3, 149
What are the prime factors of 1211?
7, 173
List the prime factors of 1852.
2, 463
List the prime factors of 452.
2, 113
What are the prime factors of 42729?
3, 14243
List the prime factors of 86551.
41, 2111
What are the prime factors of 2828?
2, 7, 101
What are the prime factors of 29688?
2, 3, 1237
List the prime factors of 57337.
7, 8191
List the prime factors of 13451.
13451
What are the prime factors of 1565?
5, 313
What are the prime factors of 735?
3, 5, 7
List the prime factors of 22080.
2, 3, 5, 23
List the prime factors of 74810.
2, 5, 7481
What are the prime factors of 4080?
2, 3, 5, 17
What are the prime factors of 24144?
2, 3, 503
List the prime factors of 3646.
2, 1823
What are the prime factors of 22717?
22717
What are the prime factors of 584?
2, 73
List the prime factors of 3070.
2, 5, 307
What are the prime factors of 1200?
2, 3, 5
What are the prime factors of 17517?
3, 5839
List the prime factors of 3748.
2, 937
List the prime factors of 1529.
11, 139
List the prime factors of 7197.
3, 2399
List the prime factors of 8938.
2, 41, 109
List the prime factors of 41566.
2, 7, 2969
What are the prime factors of 393?
3, 131
List the prime factors of 1279.
1279
List the prime factors of 26769.
3, 8923
What are the prime factors of 51091?
19, 2689
List the prime factors of 29.
29
What are the prime factors of 1652?
2, 7, 59
What are the prime factors of 1421?
7, 29
List the prime factors of 396.
2, 3, 11
What are the prime factors of 2265?
3, 5, 151
What are the prime factors of 24?
2, 3
What are the prime factors of 10899?
3, 7, 173
List the prime factors of 8230.
2, 5, 823
What are the prime factors of 1390?
2, 5, 139
List the prime factors of 94978.
2, 13, 281
List the prime factors of 2392.
2, 13, 23
What are the prime factors of 23887?
23887
What are the prime factors of 30391?
30391
What are the prime factors of 3956?
2, 23, 43
List the prime factors of 49267.
19, 2593
What are the prime factors of 28984?
2, 3623
What are the prime factors of 35238?
2, 3, 7, 839
What are the prime factors of 1974?
2, 3, 7, 47
What are the prime factors of 85886?
2, 42943
What are the prime factors of 29352?
2, 3, 1223
What are the prime factors of 8641?
8641
What are the prime factors of 60133?
60133
List the prime factors of 93.
3, 31
What are the prime factors of 60664?
2, 7583
List the prime factors of 2620.
2, 5, 131
What are the prime factors of 8540?
2, 5, 7, 61
List the prime factors of 39580.
2, 5, 1979
What are the prime factors of 4888?
2, 13, 47
What are the prime factors of 4655?
5, 7, 19
What are the prime factors of 3155?
5, 631
What are the prime factors of 44899?
59, 761
List the prime factors of 1753.
1753
What are the prime factors of 393?
3, 131
List the prime factors of 1526.
2, 7, 109
What are the prime factors of 11368?
2, 7, 29
What are the prime factors of 49201?
49201
List the prime factors of 2717.
11, 13, 19
What are the prime factors of 44888?
2, 31, 181
What are the prime factors of 68722?
2, 34361
List the prime factors of 12325.
5, 17, 29
What are the prime factors of 26151?
3, 23, 379
What are the prime factors of 5280?
2, 3, 5, 11
List the prime factors of 814.
2, 11, 37
What are the prime factors of 1163?
1163
List the prime factors of 619.
619
List the prime factors of 14813.
14813
What are the prime factors of 161317?
13, 12409
What are the prime factors of 2463?
3, 821
List the prime factors of 176241.
3, 13, 4519
What are the prime factors of 972?
2, 3
List the prime factors of 13332.
2, 3, 11, 101
List the prime factors of 32855.
5, 6571
What are the prime factors of 38299?
38299
List the prime factors of 3437.
7, 491
List the prime factors of 12031.
53, 227
List the prime factors of 902.
2, 11, 41
What are the prime factors of 6607?
6607
List the prime factors of 435.
3, 5, 29
List the prime factors of 6984.
2, 3, 97
List the prime factors of 71791.
17, 41, 103
What are the prime factors of 20407?
20407
What are the prime factors of 8536?
2, 11, 97
List the prime factors of 33936.
2, 3, 7, 101
List the prime factors of 810.
2, 3, 5
What are the prime factors of 96014?
2, 61, 787
What are the prime factors of 12712?
2, 7, 227
What are the prime factors of 1365?
3, 5, 7, 13
What are the prime factors of 2066?
2, 1033
What are the prime factors of 13640?
2, 5, 11, 31
What are the prime factors of 115514?
2, 7, 37, 223
What are the prime factors of 8719?
8719
List the prime factors of 3310.
2, 5, 331
List the prime factors of 2323.
23, 101
List the prime factors of 778.
2, 389
List the prime factors of 5875.
5, 47
List the prime factors of 220.
2, 5, 11
What are the prime factors of 542?
2, 271
List the prime factors of 33046.
2, 13, 31, 41
List the prime factors of 581.
7, 83
List the prime factors of 10418.
2, 5209
List the prime factors of 1364.
2, 11, 31
List the prime factors of 4228.
2, 7, 151
List the prime factors of 9257.
9257
What are the prime factors of 51266?
2, 25633
List the prime factors of 8412.
2, 3, 701
List the prime factors of 28143.
3, 53, 59
List the prime factors of 2573.
31, 83
List the prime factors of 11978.
2, 53, 113
List the prime factors of 7115.
5, 1423
List the prime factors of 62897.
62897
List the prime factors of 3502.
2, 17, 103
List the prime factors of 14084.
2, 7, 503
What are the prime fact